visor of j and 19?
19
Suppose -5*v - 5*z = -60, 3*v - v - 24 = 2*z. Let g = -639 - -675. Calculate the greatest common divisor of g and v.
12
Let c(n) = -n**3 + 3*n**2 - 2*n. Let m be c(2). Let d(h) = 2*h**3 + h**2 - h + 18. Let k be d(m). Calculate the highest common factor of 198 and k.
18
Suppose 2*h = 75 + 537. What is the highest common factor of h and 102?
102
Suppose 0 = 3*m + 3*g - 9, 2*m + 3 = 2*g + 5. Suppose v - 12 = m. What is the greatest common factor of v and 112?
14
Let h(l) = l**2 + 15*l - 33. Let b be h(-17). Suppose 0 = 4*n + 4*s - 60, 4*n + 2*s - 55 = -b. Calculate the greatest common factor of 36 and n.
12
Let h(y) = -2*y - 24. Let s be h(-13). Suppose r + s = 4. Calculate the greatest common factor of 2 and r.
2
Suppose -4*a + 12 = -596. Calculate the greatest common factor of a and 8.
8
Suppose -3*z + 0 = g - 5, 5*g - 125 = 5*z. Suppose 3*k - 10 = g. What is the greatest common factor of 2 and k?
2
Suppose 3*d = -2*d + 4*o + 17, 5*o + 15 = 5*d. Let v = -2317 - -2362. What is the highest common divisor of d and v?
5
Suppose 3*r + 56 = 5*s + 1250, 0 = -5*r - 4*s + 2027. What is the greatest common factor of r and 13?
13
Let i(g) = 3*g**3 + 3*g**2 - 2. Let p be i(2). Suppose p = 4*x - 14. Let q be 8*(3 + (-2 - -11)). Calculate the greatest common divisor of q and x.
12
Let h(t) = t**3 + 5*t**2 - 11*t - 14. Let l be 2/(-8) - 23/4. Let u be h(l). What is the greatest common factor of 48 and u?
16
Let q be 3/(1/(-2)*114/(-2299)). Calculate the highest common divisor of 11 and q.
11
Let i(c) = c - 2. Let f be 3 - 1*(-6 - -2). Let p be i(f). Suppose 9 = 2*s + p*d - 3, -3*s + 2*d = -37. What is the greatest common factor of 11 and s?
11
Let i(n) = n**2 + 4*n - 15. Let x be i(6). Let v = 75 - x. Suppose 0*q = -2*q + v. What is the highest common factor of q and 15?
15
Let c = 2097 + -2028. What is the greatest common divisor of 2208 and c?
69
Let l = 66 + 39. What is the highest common factor of 84 and l?
21
Let i(n) = -n**3 + 32*n**2 - 42*n - 92. Let a be i(30). Calculate the greatest common factor of a and 256.
64
Let i(k) = 7 + 20 + 3*k - 4*k - 10. Let j be i(13). Suppose 11 = j*o - 29. What is the highest common divisor of o and 10?
10
Let h = -40 + 43. Suppose s - 16 = -o, -h = s + 3*o - 15. Calculate the highest common factor of 27 and s.
9
Let k(o) = -o**3 - 2*o**2 + 5*o. Let x = -2 - 2. Let u be k(x). What is the highest common divisor of u and 42?
6
Let m = -86 + 176. Calculate the highest common divisor of 126 and m.
18
Suppose 2*l + 3*z - 102 = 0, 2*z = -2*l + 57 + 41. Let k = 15 + 6. Let w be k/(-2)*(-132)/77. Calculate the highest common divisor of l and w.
9
Suppose -4*w - 5*h + 69 = 0, -w - 4*h + h + 19 = 0. Suppose -w*n - 80 = -21*n. What is the highest common divisor of n and 80?
16
Let a(y) be the third derivative of y**6/120 + y**5/20 - y**4/3 + y**3/6 + 5*y**2. Let k be a(-4). Calculate the highest common factor of k and 221.
17
Let k(t) = 10 + 16 - 4 - 3 + 3*t. Let a be k(-5). Calculate the greatest common divisor of 2 and a.
2
Suppose 0 = -u + 5, u = -2*d - 4*u + 125. Calculate the highest common divisor of 350 and d.
50
Let x = -15 + 5. Let b be (-6)/(14/x + 1). Let q(m) = -18*m - 31. Let g be q(-2). Calculate the greatest common divisor of b and g.
5
Let w = 68 - -11. Suppose -5*q = 4*o - 80, -4*q + w = 5*o - 12. What is the highest common factor of o and 75?
15
Let y(q) = -q**3 - 4*q**2 + q - 7. Let w be y(-5). What is the greatest common factor of w and 988?
13
Suppose 2*y - 139 = 3*p, 2 = 5*y + p - 320. Let q be 3*1*y/15. Suppose -7*g = -8*g + 52. What is the greatest common divisor of q and g?
13
Let y be 5 - 0*(-5)/(-25) - -691. Calculate the greatest common factor of y and 87.
87
Suppose 3*k + 5*n - 2520 = 0, 4*k - 2*k - 1680 = 4*n. Suppose -k = 52*l - 55*l. What is the highest common factor of l and 35?
35
Let d be -4 + 1 + 4 + 1. Let h be ((-28)/(-5))/((-6)/(-15)). Calculate the greatest common divisor of h and d.
2
Let w be 27/12*(-8)/3. Let h be (-4)/w - 885/(-9). Let u be (-1 - 6/(-3))/(4/36). What is the highest common factor of u and h?
9
Let z = 59 + -48. Suppose 8*f = 211 - z. What is the greatest common factor of f and 100?
25
Let h be (-4329)/(-90) - (-2)/(-20). Suppose 0 = -6*u + 3*u. Let x be (u/(-3))/(-3) - -32. Calculate the highest common divisor of h and x.
16
Let f be ((-6)/5)/(2/(-5)). Suppose n + 5*j + 23 = 0, 3*n + f*j = 2*n - 13. Suppose n*z = 4*z - 6. Calculate the greatest common factor of z and 3.
3
Let c be (-63 + -3 + 2)/(56/(-84)). Calculate the highest common divisor of 264 and c.
24
Suppose a - 8*s = -9*s + 28, 0 = 4*s - 8. Calculate the highest common divisor of 52 and a.
26
Let m = 70 - 41. Suppose -16*l + 304 = -160. Calculate the greatest common factor of m and l.
29
Suppose 3*c = 4*n + 293, 134 = 2*c - 2*n - 64. Let g = -93 + c. Calculate the highest common divisor of 70 and g.
10
Let m be -6*(-3 + 4)/(-1). Let k be (8/m)/(2/9). Suppose 36 = 3*n + 4*o, 2*n + 48 = k*n - 2*o. Calculate the highest common factor of n and 84.
12
Suppose 0 = -6*w + 82 - 22. Let b be 0 + 0 - (-200)/w. Let o = b - 11. Calculate the highest common divisor of 9 and o.
9
Let k be (-813)/(-9) + ((-28)/12)/7. Let z be (k/2 - (-10 + 6))*1. Calculate the highest common factor of 21 and z.
7
Suppose 6*k - 138 = -5*d + 2*k, -4*d + 111 = 3*k. Suppose y + 7 - 27 = 0. Calculate the highest common factor of d and y.
10
Suppose 0 = v + 11*v - 252. Calculate the highest common factor of v and 21.
21
Let u be (-12848)/(-80) + (-6)/(-15). What is the greatest common divisor of 46 and u?
23
Suppose -3*u = -5*q - 4393, q + 1 = -4. What is the greatest common divisor of u and 91?
91
Let h(o) = 8*o - 13. Let f be h(14). Let y = -94 + f. Calculate the greatest common divisor of y and 65.
5
Let f = -148 + 869. Calculate the greatest common factor of 206 and f.
103
Suppose p + p = 0. Suppose -5*y - i + 481 = 0, 5*y + p*y - 2*i - 478 = 0. Let z(l) = 2*l - 2. Let o be z(7). Calculate the highest common divisor of y and o.
12
Suppose 3*q - 36 = -2*i, 16*i - 5*q - 115 = 11*i. Calculate the greatest common factor of i and 399.
21
Let x(h) = -h**3 + 4*h**2 - 4*h + 2. Let q be x(2). Let i be (10/4)/(1/q). Let w = i + 19. What is the greatest common divisor of 12 and w?
12
Let h be (-95)/(-1) + (-3 - 4 - -8). Calculate the greatest common divisor of 288 and h.
96
Let b(p) = 6*p - 34. Let i be b(7). Suppose 3*m + 240 = i*m. What is the highest common factor of m and 6?
6
Let z = -721 + 854. What is the highest common divisor of 14 and z?
7
Suppose 30 = p + 4*r - 8, 0 = 5*p + 4*r - 158. What is the highest common factor of 170 and p?
10
Let m(j) = j**3 + 8*j**2 - j - 2. Let o = 36 + -44. Let x be m(o). What is the greatest common divisor of 3 and x?
3
Suppose 307 = 3*s + 100. Suppose 0 = 5*y - s - 91. What is the greatest common divisor of 32 and y?
32
Let n = 15 - -7. Suppose 3 = -d + n. What is the highest common divisor of d and 95?
19
Let v(u) = 22*u**3 - 3*u + 2. Let q be v(1). Let b = -1 + q. Let p = -80 + 180. What is the highest common factor of p and b?
20
Let u(x) = -x**3 + 8*x**2 - 6*x - 5. Let d be u(7). Suppose -65 = -3*z - d*z. What is the greatest common divisor of z and 13?
13
Let h be (100/(-6))/((-55)/2805). What is the highest common divisor of 34 and h?
34
Let l be (-22 + 21)*5*-7. What is the highest common factor of 770 and l?
35
Suppose f - 92 = -1. What is the highest common divisor of f and 52?
13
Suppose 0 = n - 3*t + 31, -19 = 3*n - 2*t + 60. Let q = n + 34. Let v = -92 - -137. What is the greatest common factor of v and q?
9
Suppose -7*q = u - 2*q - 149, 4*q - 612 = -4*u. What is the greatest common divisor of 98 and u?
14
Suppose 0 = 5*w - 0*w + z - 41, 0 = 2*w - 2*z - 14. Let r(a) = a**2 - 10*a + 18. Let i be r(w). What is the highest common divisor of 8 and i?
2
Let x(m) = m**3 - 8*m**2 - 2*m - 19. Suppose -27 = -23*f + 20*f. Let u be x(f). What is the greatest common divisor of 110 and u?
22
Let u(s) = -9*s - 9. Suppose -5*a + 3*o = 2, -4 = -2*a + 3*a + 3*o. Let m be (1 - 3) + (a - 1). Let n be u(m). What is the greatest common divisor of 3 and n?
3
Let l = 76 - 71. Let u(f) = 2*f. Let d be u(2). Let k be (d/6)/(2/120). What is the greatest common divisor of l and k?
5
Let f = -106 + 532